b, 2 = 2*y. Let q = -718 - -440. Let f = -187 - q. Calculate the highest common factor of f and b.
7
Let n(b) = 2*b**3 + 31*b**2 + 15*b + 9. Let c be n(-15). Let z(g) = 4*g**2 + 67*g - 3. Let s be z(c). What is the highest common divisor of s and 22?
22
Let m be 12 + 4/(0 + 4). Suppose m*b + b = b. Suppose 0*w - 140 = -w - 2*a, b = -a. Calculate the greatest common divisor of w and 20.
20
Suppose 0 = 3658*i - 3693*i + 910. What is the highest common factor of i and 5174?
26
Suppose 1402 = 22*i - 2470. Let p be 4 - 42/8*i/(-66). What is the greatest common divisor of p and 27?
9
Suppose -3*f - 4*b = 50 - 53, -4*b - 51 = -3*f. Calculate the highest common divisor of f and 61.
1
Let h be 20/130 + 986/13. Suppose 72 = 2*y + h. Let b be (-9)/y - 11/22. Calculate the highest common factor of 28 and b.
4
Let g be 7 - (0/3 + 4). Suppose 0*d - d + z = 77, 3*d = -g*z - 255. Let s be (d/4)/(2/(-8)). Calculate the highest common factor of s and 9.
9
Suppose -q = q - 78. Suppose -4*l + 379 = 3*x, 288 = 3*l + 13*x - 10*x. What is the highest common factor of l and q?
13
Let t be (-2)/(42/(-46191)) - (-39)/91. What is the greatest common divisor of 264 and t?
88
Let k(i) = 246 - 16*i - 256 - 5*i + 15*i + 7*i**2. Suppose -2*p - 10 = -4*p. Let q be k(p). What is the greatest common factor of 27 and q?
27
Suppose 0 = 8*s - 5*m - 3769, 5*m - 1444 = -5*s + 871. Calculate the greatest common divisor of s and 234.
234
Let c = -3597 - -4218. What is the highest common divisor of c and 9?
9
Let h be ((36 + -4)*-1)/(-5 - 256/(-52)). What is the highest common divisor of h and 6864?
208
Let f(x) = -2*x**3 - 81*x**2 + 30*x - 157. Let n be f(-41). What is the highest common divisor of n and 5194?
98
Suppose -5*i + 2*v = 4*v - 510, -20 = 4*v. Suppose 2975*o - 2986*o = -143. What is the greatest common divisor of o and i?
13
Let h(p) = p**2 + 2*p + 4. Let w be h(4). Let b be -4*1/(-6) - (-184)/3. Let v = b - 41. Calculate the highest common factor of w and v.
7
Let l(x) = 3*x + 42. Suppose -4*d = -4*r - 80, -18*d - 4*r + 10 = -17*d. Let h be l(d). Calculate the greatest common divisor of 24 and h.
24
Suppose 116*d = 1226033 + 337995. Calculate the highest common factor of d and 139.
139
Suppose 2124 = 3*a + x, -2*x = -x - 5*x. Calculate the greatest common divisor of a and 12.
12
Let u = 1 - -2. Let k be (300/240)/(129/(-24) - -6). Calculate the greatest common divisor of k and u.
1
Let y(c) = 9*c**2 - 59*c - 979. Let i be y(20). What is the highest common divisor of i and 77?
11
Suppose -137 = -c + 139. Let b = c + 30. Let o be -8 - ((-4 - 41) + 3). Calculate the greatest common factor of o and b.
34
Suppose 4*c - 608 = -16*t + 14*t, -4*c + 5*t + 580 = 0. What is the highest common factor of 240 and c?
30
Let o be -1 - -10 - 72/18. Let d(p) = 7*p - 12. Let k be d(o). Suppose 7*t - 115 = 2*t. What is the greatest common factor of k and t?
23
Suppose -5*l = -40*l + 171850. Calculate the highest common divisor of 10 and l.
10
Let n(i) = 3*i**3 + 9*i**2 - 19*i - 2. Suppose -2 = 3*b - 3*m + 1, -12 = -4*m. Let y be n(b). What is the greatest common factor of 220 and y?
20
Let u = -250 - -263. Suppose 1500 = u*x - 7*x. Calculate the highest common divisor of x and 50.
50
Suppose -b + 559 = t - 2069, -3*b = -4*t - 7933. Calculate the highest common divisor of 765 and b.
85
Let y be (-9)/(-15)*(-1085)/(-93)*385. Calculate the highest common factor of 147 and y.
49
Let t = -25488 - -25763. What is the highest common divisor of t and 8800?
275
Let q = 268 - 388. Let f be (q/(-25))/((-2)/(-15)). Suppose -c - 39 = -4*z, 0*c + 27 = 4*z + 3*c. Calculate the highest common divisor of z and f.
9
Suppose 9*x - 49*x + 2268 = -1092. Calculate the highest common divisor of 812 and x.
28
Suppose -5*u - 17 + 37 = 0. Suppose -s - 210 = -u*j, -2*s - 155 - 265 = -j. Let q = s + 318. What is the highest common factor of q and 12?
12
Suppose j = -3*b + 16, -2*j + 12 = 4*b - 3*j. Let t be 20000/150*6/b. Calculate the highest common divisor of 75 and t.
25
Let l = 6579 - 6291. Calculate the highest common factor of l and 792.
72
Suppose 1658 - 20 = 63*y. Suppose 0 = -y*z + 1271 + 1771. What is the greatest common factor of z and 156?
39
Let b(v) = -13*v**3 - 5*v**2 - 3*v. Let x be b(-1). Suppose -42*f + 1229 = x. Calculate the greatest common divisor of f and 377.
29
Let x be 36/288 + (-23)/(-8). Suppose -5*p = 5*m - 355, 2*p - 25 = x*m + 122. Calculate the greatest common factor of p and 16.
8
Suppose 7*n - 99 = 6*n. Let j = -383 + 394. What is the highest common divisor of n and j?
11
Let i(j) = j - 5. Let s be i(6). Suppose -10 = -2*z - 4*u, -17*z + 15*z - 5*u = -5. Calculate the highest common factor of s and z.
1
Let b(u) = u**2 + 79*u + 373. Let z be b(-74). Let x(y) = -47*y - 1. Let m be x(-2). What is the greatest common divisor of m and z?
3
Suppose -2*d - 112 = -3*j + 166, 0 = -2*j - 3*d + 207. Suppose -11*b + j = -7*b. Calculate the greatest common divisor of 51 and b.
3
Suppose -15*o = -10*o - 10. Suppose -4*i = 2*t - 74, i - t - 22 = o*t. Suppose 96 = i*k - 11*k. What is the greatest common factor of k and 18?
6
Suppose 8*m - 1679 = -4*w + 5*m, -2*m + 1259 = 3*w. Let a = 628 - w. Calculate the highest common factor of a and 19.
19
Suppose 4*k - 8*k - 2*g = -2196, 3*k + 2*g = 1648. Calculate the highest common factor of k and 16.
4
Suppose -687*o = -780*o + 22785. Calculate the greatest common divisor of 2597 and o.
49
Suppose 481*i + 3*o - 87 = 478*i, 5*o = 4*i - 53. Suppose -5*u + 2742 = -4*v, 1098 = 4*u - 2*u - v. What is the highest common divisor of i and u?
22
Suppose 5*n - 2*n = -6, 5*n = 5*b - 290. Let l = 7778 - 7302. What is the greatest common factor of b and l?
28
Let c be (-10)/90 + (-28450)/(-90). Calculate the highest common divisor of c and 28.
4
Let g be (-30 + 4732/130)/((-21)/(-10) - 2). What is the highest common factor of 864 and g?
32
Suppose 20*b - 238 = -118. Let w be (-64)/b*(2*-6)/1. Calculate the greatest common divisor of w and 16.
16
Let l = -28624 - -28676. What is the greatest common factor of l and 17329?
13
Let t(n) = 4*n**3 + n**2 + n - 14. Let a be t(-5). Let p = 1216 + a. Calculate the highest common factor of 38 and p.
38
Let o(u) = -2*u - 4. Let l be o(-3). Let k = -232 - -71. Let q = -151 - k. What is the highest common factor of q and l?
2
Let s(z) be the second derivative of 0 - 3/2*z**3 + 1/6*z**4 - 5/2*z**2 + 13*z. Let m be s(-3). What is the greatest common factor of m and 24?
8
Let v(k) = -2*k**3 + 12*k**2 + 3*k - 14. Let t be v(6). Suppose -4*x + 78 = 6*b - t*b, 3*b + 15 = 0. What is the highest common divisor of 99 and x?
11
Let c = -17475 - -17695. Let v be (-4)/14 + 142/7. What is the highest common divisor of c and v?
20
Let t(z) = 93*z - 2647. Let p be t(29). Calculate the greatest common divisor of p and 30.
10
Let v(t) = -t**2 - 25*t + 183. Let b be v(-30). Suppose n + b*n = 2142. What is the highest common divisor of n and 9?
9
Let g be 1 - (-3 + (-408)/(-9))*-225. What is the greatest common divisor of g and 11?
11
Suppose -1119 = -96*i + 3105. Calculate the highest common divisor of 3124 and i.
44
Suppose -6*o = -3*b - 99, 4*o - 9*o - 3*b + 77 = 0. What is the greatest common divisor of o and 5608?
8
Let z = -9805 - -11955. Calculate the highest common factor of z and 344.
86
Suppose -9*a = 7*a - 592. Suppose -47 = -5*o - a. Suppose -2*w + 6*w = -5*h + 161, 5*w - o*h = 193. Calculate the greatest common factor of 13 and w.
13
Let m(s) = -s. Let n be m(0). Suppose 4*a - 6*a + 6 = n. Let p(y) = y**2 + 7*y + 19. Let l be p(-8). What is the greatest common factor of l and a?
3
Suppose 4*g - 340 = -g. Let b be (-4)/(-18) - g/(-18). Suppose -r - 3*x + 18 = 0, -2*r + 37*x - 41*x + 48 = 0. Calculate the greatest common divisor of b and r.
4
Suppose 3*u - 35*u - 6*u + 25346 = 0. Calculate the highest common factor of 464 and u.
29
Let z = 2 + -1. Suppose -2387*r + 2385*r + 3*q - 5 = 0, 0 = 5*r - q - 46. Calculate the greatest common factor of r and z.
1
Let p = 11 + -9. Suppose -p*w = -8*j + 3*j - 67, -26 = -w + j. Suppose 38*n - 95*n = -50*n - 147. What is the highest common factor of w and n?
21
Let p be 8/(-6)*(-6 - (-30)/4). Let b be 174/(p - -8) - -1. What is the highest common divisor of 120 and b?
30
Suppose -5*s - 4*l + 541 = 119,